 be f(-3). Calculate the greatest common factor of r and p.
2
Let h(x) = 198*x**3 - x**2 + 1. Let z be h(1). Let g be 7/(70/216) + 6/15. Calculate the highest common divisor of z and g.
22
Let z(m) = -m**3 - 6*m**2 - 4*m - 7. Let o be z(-7). Suppose -2*v - 5*t + 49 = 0, 63 = 79*v - 78*v - 3*t. Calculate the greatest common factor of v and o.
14
Let t(x) = 6*x**2 + 3*x - 68. Let o be t(7). What is the greatest common divisor of o and 38?
19
Suppose -45*v + 22464 = 3*v. What is the greatest common factor of 144 and v?
36
Let i = 13 - -16. Calculate the greatest common factor of 116 and i.
29
Suppose 0 = 2*c + 4, -p - 4*c + c = -1. Suppose -9*l + 4*l = -65. Let q = 48 - l. What is the greatest common factor of q and p?
7
Suppose -h + 652 = g + 2*g, 3*g = 5*h + 646. Calculate the greatest common factor of 31 and g.
31
Let c be (47/95 - 2/(-19))*735. Calculate the highest common factor of c and 49.
49
Let x be (-5 + 1375/(-10))*(-14)/3. What is the highest common divisor of x and 105?
35
Let k = 21 + -17. Let q(i) = -i - 8*i + k*i - 4. Let f be q(-2). Calculate the greatest common divisor of 4 and f.
2
Suppose 0 = -f + 6*f. Suppose f = -2*y + y + 32. What is the greatest common factor of 80 and y?
16
Suppose 0 = -676*j + 673*j + 39. Calculate the greatest common factor of 91 and j.
13
Let d(n) = 87*n**2 - 7*n + 5. Let h be d(2). Calculate the greatest common factor of 452 and h.
113
Suppose 0 = -8*n + 4*n + 16. Suppose -21 = -c - 5*a, 0 + 6 = -c + n*a. Suppose c*j - j - 25 = 0. Calculate the highest common factor of j and 25.
5
Let t be (-152)/(-6) + 194/291. Calculate the highest common factor of 169 and t.
13
Let l = 4 + -6. Let r(q) = 62*q. Let k(w) = w. Let h(p) = l*k(p) - r(p). Let t be h(-1). Calculate the greatest common divisor of 16 and t.
16
Let a be 8 + 1 + 2 + 2. Let v be 5205/35 - 4/(-14). Let o = -32 + v. Calculate the greatest common divisor of o and a.
13
Let a be (2 - -2) + (89 - (3 + 2)). Calculate the greatest common factor of a and 8.
8
Let v = 76 - 68. Let m = -77 + 165. Calculate the greatest common divisor of v and m.
8
Let p be 7/(84/(-8))*3. Let n be p/((-6)/5)*6. Let v be 184/n - 8/20. What is the highest common divisor of 198 and v?
18
Let l(d) = 4*d**2 - 42*d + 16. Let a be l(12). What is the greatest common divisor of 1672 and a?
88
Suppose -2*u - b + 31 = -u, 2*b - 32 = -u. Let i be ((-12)/5)/(u/(-75)). Let r(a) = 6*a - 5. Let j be r(i). Calculate the greatest common factor of j and 248.
31
Let c be (36/(-30))/(2/(-25 + 5)). Let r be 22 + (-8)/(-2) + -2. Calculate the greatest common divisor of r and c.
12
Suppose -4*x - 5*s = -63 - 17, 0 = -x + 5*s + 45. Calculate the highest common divisor of 5 and x.
5
Let m be -1*(-1 - -4) - -111. What is the highest common factor of 36 and m?
36
Let v be (-2 - 31)*(4 + -4 + -1). Calculate the highest common factor of 1551 and v.
33
Let b be (-14)/(-5)*(-4500)/(-72). What is the greatest common factor of 150 and b?
25
Suppose -4*q = -4*r - 20, -3*r + 1 = q - 0. Suppose 0 = 5*d + 2*c - 14, -5*d = q*c - 20 + 2. Calculate the highest common divisor of d and 4.
2
Suppose -u + 70 = -0*u + 2*i, 402 = 5*u - 3*i. Let t be (-2)/1 - (-88)/2. Let x = t + u. Calculate the highest common divisor of 12 and x.
12
Let d(a) = 13*a - 5. Let c be -1*(-21)/(-35) + 16/10. Let x be d(c). Calculate the greatest common factor of 56 and x.
8
Suppose -4*q + 277 = 4*c + 297, 3*c + 8 = -2*q. Let b be (-22)/(-4) + 1/(-2). Calculate the highest common divisor of c and b.
1
Suppose 6*y + 4 = 8*y. Suppose y*k + 2*h = -57 + 905, 0 = -4*k - 5*h + 1691. What is the greatest common divisor of k and 39?
39
Let c = -3 + 6. Suppose -c*x - 16 = -4*x. Let s = x + -8. What is the highest common divisor of s and 4?
4
Let s(k) = -k**2 - 12*k - 11. Let x be s(-10). Calculate the highest common divisor of 261 and x.
9
Suppose 4*d = -3*x + 8, -d = -0*d - 2*x - 2. Suppose 24 = 2*p + 6*p. Calculate the greatest common factor of p and d.
1
Let y = 55 - 15. Let c be 92/6*300/y. Calculate the highest common divisor of 46 and c.
23
Suppose -3*c = -4*x - 2*x - 705, 15 = 3*x. What is the highest common divisor of c and 196?
49
Suppose -3*f - l + 6*l = -34, 5*l - 22 = -4*f. Let j = -20 + f. Let c be (12/(-48))/(1/j). What is the highest common divisor of 21 and c?
3
Let h be (1 + -4 - (-8 - 207)) + -3. Calculate the highest common divisor of 11 and h.
11
Let m = 12 - 15. Let v be -1 + -2 + 12 + m. What is the greatest common divisor of 3 and v?
3
Let i(z) = 2*z**2 + z - 1. Let q be i(-5). Let t = 54 - q. Calculate the greatest common divisor of 90 and t.
10
Suppose -5*d - g = g - 120, -d - 2*g = -32. Let u = -17 + d. Calculate the highest common factor of u and 40.
5
Suppose 0 = -41*a - 3267 + 13025. Calculate the highest common divisor of 136 and a.
34
Let b(j) = -j**3 + 25*j**2 - 24*j + 30. Let c be b(24). Calculate the highest common factor of c and 20.
10
Suppose -3*f + 5*p + 154 = 0, 0 = -4*f + 52*p - 51*p + 194. Let q = -14 - -50. What is the greatest common factor of q and f?
12
Suppose 18*c - 39*c = -1575. What is the greatest common divisor of 175 and c?
25
Let a = 254 + -224. Calculate the greatest common factor of 20 and a.
10
Let n = -225 + 342. Let g(j) = 3*j**3 + 34*j**2 - 41*j - 178. Let q be g(-12). Calculate the greatest common factor of q and n.
13
Let t be 1 + (27 + 4 - 1). Let y(u) = u**2 + 95. Let s be y(0). Suppose 2*f = -t + s. Calculate the greatest common divisor of f and 4.
4
Let c(r) = 4*r**2 - 11*r - 16. Let b(m) = -7*m**2 + 23*m + 32. Let g(o) = 3*b(o) + 5*c(o). Let f be g(15). Calculate the greatest common factor of f and 16.
1
Let z be 24/(-24) - (-1 + -36). Suppose 1317 + 108 = 5*u. Let s = 429 - u. What is the greatest common divisor of z and s?
36
Suppose 7*v - 3453 = -611. Calculate the highest common divisor of v and 14.
14
Let x be (10 - 0)*(0 - -1). Let k(h) = -h**2 - 13*h + 28. Let l be k(-12). What is the highest common divisor of l and x?
10
Suppose -5*y = 3*f - 268, -3*y - 3*f - 2*f = -148. Let i(z) = 2*z + 4. Let v be 80/15 - (-2)/(-6). Let c be i(v). What is the highest common divisor of c and y?
14
Suppose 48 = u - 4*a, -u + 28 = a - 45. Calculate the highest common divisor of u and 238.
34
Let u be (5598/15)/(-3) + 2/5. Let t(n) = -5*n**2 + 8*n + 9. Let m be t(7). Let o = u - m. Calculate the greatest common factor of o and 8.
8
Let n be (-9)/(-21) + 200/56. What is the highest common factor of n and 604?
4
Suppose q + 2 = a, -3*a + 5*q + 6 = q. Suppose 30 = 2*p - 0*p + a*u, 0 = -u - 3. Calculate the greatest common divisor of 198 and p.
18
Suppose -4*s - s - 2*k + 409 = 0, -2*s + 3*k + 156 = 0. Let d = s + -67. What is the highest common divisor of d and 56?
14
Suppose -89417 + 32537 = 6*n. Let x be n/(-75) - 4/10. What is the greatest common divisor of 14 and x?
14
Let l(x) = x**3 - x**2. Let c be 4*15/20 + 1. Let r be l(c). Calculate the greatest common divisor of 32 and r.
16
Suppose -6*w + w = 25, z = -3*w + 1. Suppose -f + 2 = 0, -3*q + 7*q = -5*f + 42. Calculate the greatest common divisor of z and q.
8
Suppose 75 = j - 6. What is the greatest common factor of j and 27?
27
Let q = 317 + -254. Calculate the greatest common divisor of 3 and q.
3
Let d be 1311/11 + 2/(-11). What is the greatest common factor of 17 and d?
17
Let l be (3/(-6) - -1)*26. Let m be (-1 - 10/(-12)) + 2577/18. Calculate the highest common factor of m and l.
13
Let r = 12 - 8. Let i be ((-3)/(-5))/(r/20). Suppose -110 = -5*m + i*m. What is the highest common factor of m and 5?
5
Let o = 849 + -792. What is the highest common divisor of 190 and o?
19
Suppose -3*b = -d - 2*b + 23, -5*d + 3*b = -109. Let m(q) = q**3 + 30. Let r be m(0). Calculate the highest common factor of d and r.
10
Suppose 29*y - 2772 = 8*y. What is the greatest common divisor of 12 and y?
12
Let p(r) = 8*r + 13. Let j be p(-5). Let d = 33 + j. Calculate the highest common divisor of d and 48.
6
Let m(p) = -p + 6 + 2 + 0*p. Let q be m(-6). What is the greatest common divisor of 7 and q?
7
Suppose -6*t - 9*t = -75. Suppose -87 = -2*w - 4*p + 13, 3*p = -2*w + 95. Calculate the highest common divisor of w and t.
5
Let p be 362/10 - (-6)/150*-5. What is the greatest common factor of p and 1152?
36
Let z be 16/(-40)*(1 + -6) - -516. What is the